{"id":16756,"date":"2024-10-10T12:30:07","date_gmt":"2024-10-10T10:30:07","guid":{"rendered":"https:\/\/www.villamanin.it\/?post_type=evento&#038;p=16756"},"modified":"2024-10-16T09:27:20","modified_gmt":"2024-10-16T07:27:20","slug":"music-at-villa-manin","status":"publish","type":"evento","link":"https:\/\/www.villamanin.it\/en\/evento\/music-at-villa-manin\/","title":{"rendered":"Music at Villa Manin"},"content":{"rendered":"\t\t<div data-elementor-type=\"wp-post\" data-elementor-id=\"16756\" class=\"elementor elementor-16756 elementor-16750\" data-elementor-post-type=\"evento\">\n\t\t\t\t\t\t<section class=\"elementor-section elementor-top-section elementor-element elementor-element-d44761a elementor-section-boxed elementor-section-height-default elementor-section-height-default\" data-id=\"d44761a\" data-element_type=\"section\" data-e-type=\"section\">\n\t\t\t\t\t\t<div class=\"elementor-container elementor-column-gap-default\">\n\t\t\t\t\t<div class=\"elementor-column elementor-col-100 elementor-top-column elementor-element elementor-element-1798835\" data-id=\"1798835\" data-element_type=\"column\" data-e-type=\"column\">\n\t\t\t<div class=\"elementor-widget-wrap elementor-element-populated\">\n\t\t\t\t\t\t<div class=\"elementor-element elementor-element-c805661 elementor-widget elementor-widget-heading\" data-id=\"c805661\" data-element_type=\"widget\" data-e-type=\"widget\" data-widget_type=\"heading.default\">\n\t\t\t\t<div class=\"elementor-widget-container\">\n\t\t\t\t\t<h2 class=\"elementor-heading-title elementor-size-default\">20\/10, 17\/11, 8\/12, 15\/12 2024 and 26\/01\/2025 at 11:30 a.m.<\/h2>\t\t\t\t<\/div>\n\t\t\t\t<\/div>\n\t\t\t\t\t<\/div>\n\t\t<\/div>\n\t\t\t\t\t<\/div>\n\t\t<\/section>\n\t\t\t\t<section class=\"elementor-section elementor-top-section elementor-element elementor-element-1eeaae9 elementor-section-boxed elementor-section-height-default elementor-section-height-default\" data-id=\"1eeaae9\" data-element_type=\"section\" data-e-type=\"section\">\n\t\t\t\t\t\t<div class=\"elementor-container elementor-column-gap-default\">\n\t\t\t\t\t<div class=\"elementor-column elementor-col-100 elementor-top-column elementor-element elementor-element-a6599a0\" data-id=\"a6599a0\" data-element_type=\"column\" data-e-type=\"column\">\n\t\t\t<div class=\"elementor-widget-wrap elementor-element-populated\">\n\t\t\t\t\t\t<div class=\"elementor-element elementor-element-155562f elementor-widget elementor-widget-text-editor\" data-id=\"155562f\" data-element_type=\"widget\" data-e-type=\"widget\" data-widget_type=\"text-editor.default\">\n\t\t\t\t<div class=\"elementor-widget-container\">\n\t\t\t\t\t\t\t\t\t<p>Five appointments with music at Villa Manin on Sundays at aperitif time in collaboration with Camino Kammerchor<\/p>\t\t\t\t\t\t\t\t<\/div>\n\t\t\t\t<\/div>\n\t\t\t\t\t<\/div>\n\t\t<\/div>\n\t\t\t\t\t<\/div>\n\t\t<\/section>\n\t\t\t\t<section class=\"elementor-section elementor-top-section elementor-element elementor-element-f7d91a2 elementor-section-boxed elementor-section-height-default elementor-section-height-default\" data-id=\"f7d91a2\" data-element_type=\"section\" data-e-type=\"section\">\n\t\t\t\t\t\t<div class=\"elementor-container elementor-column-gap-default\">\n\t\t\t\t\t<div class=\"elementor-column elementor-col-100 elementor-top-column elementor-element elementor-element-670baf6\" data-id=\"670baf6\" data-element_type=\"column\" data-e-type=\"column\">\n\t\t\t<div class=\"elementor-widget-wrap elementor-element-populated\">\n\t\t\t\t\t\t<div class=\"elementor-element elementor-element-0b6af69 elementor-widget elementor-widget-text-editor\" data-id=\"0b6af69\" data-element_type=\"widget\" data-e-type=\"widget\" data-widget_type=\"text-editor.default\">\n\t\t\t\t<div class=\"elementor-widget-container\">\n\t\t\t\t\t\t\t\t\t<p>The Camino Kammerchor is a vocal ensemble specialising in contemporary vocal repertoire. It was founded in 2012 within the Caminese Chorale, on the occasion of the Camino Contro Corrente festival. It is directed by Francesco Zorzini.<br \/>Since its foundation, the CKC has stood out for its choice of non-traditional repertoire.<br \/>As a guest choir at several editions of the Camino Contro Corrente Festival, it has promoted the composition and premiere of original works. It has also always cultivated a passion for older music in a constant dialogue between past traditions and new languages.<br \/>The current members of Camino Kammerchor are: Erica Zanin and Francesca Espen, sopranos; Martina Bravin and Chiara Panigutti, contraltos; Carlo Zorzini, tenor; Martino Zanelli, bass.<\/p>\t\t\t\t\t\t\t\t<\/div>\n\t\t\t\t<\/div>\n\t\t\t\t\t<\/div>\n\t\t<\/div>\n\t\t\t\t\t<\/div>\n\t\t<\/section>\n\t\t\t\t<section class=\"elementor-section elementor-top-section elementor-element elementor-element-a5c2661 elementor-section-boxed elementor-section-height-default elementor-section-height-default\" data-id=\"a5c2661\" data-element_type=\"section\" data-e-type=\"section\">\n\t\t\t\t\t\t<div class=\"elementor-container elementor-column-gap-default\">\n\t\t\t\t\t<div class=\"elementor-column elementor-col-100 elementor-top-column elementor-element elementor-element-a623481\" data-id=\"a623481\" data-element_type=\"column\" data-e-type=\"column\">\n\t\t\t<div class=\"elementor-widget-wrap elementor-element-populated\">\n\t\t\t\t\t\t<div class=\"elementor-element elementor-element-11e67a4 elementor-widget elementor-widget-text-editor\" data-id=\"11e67a4\" data-element_type=\"widget\" data-e-type=\"widget\" data-widget_type=\"text-editor.default\">\n\t\t\t\t<div class=\"elementor-widget-container\">\n\t\t\t\t\t\t\t\t\t<h3>20.19.2024 AGHE&amp;AGHE, waters that inspire song.<\/h3><p>In this concert, we offer a collection of pieces belonging to different cultures, styles and languages, in which water is a recurring presence.<\/p><h3>17.11.2024 \u20acCONOMY CLASS, cash!<\/h3><p>Parlare di soldi in musica? Si pu\u00f2? Forse \u00e8 un tema che a prima vista pu\u00f2 apparire sconveniente, eppure c\u2019\u00e8 una lunga tradizione di compositori che si sono cimentati sull\u2019inusuale argomento, sia attraverso la riproduzione delle folkloristiche urla dei mercati di citt\u00e0, sia attraverso riflessioni a volte critiche, a volte sognanti sui soldi, sulla ricchezza, sulla povert\u00e0.<\/p><h3>08.12.2024 VIVALDI IN VILLA, early 18th century concerts for violin and strings<\/h3><p>The Santa Margherita di Anduins youth string orchestra wants to bring to life some of the most beautiful concertos for violin and strings from the early 18th century. These pages were conceived and written to be performed in sought-after and cosy venues such as our Villa Manin in whose recently restored hall the notes of Vivaldi and Bach will find their most suitable home.<\/p><p><strong>15.12.2024 IN LAUDIBUS, sacred songs for Christmas<\/strong><\/p><p>An appointment dedicated to sacred music, and in particular to the very fruitful Christmas tradition, cannot be missed. The concert, while departing from the most popular melodies, offers a rich and original excursus on Christmas, drawing on musical traditions from around the world.<\/p><h3>26.01.2025 SWEET LINKS, poets and musicians between yesterday and today<\/h3><p>The concert offers unprecedented correspondences resulting from timeless encounters that bring ancient authors into dialogue with contemporary artists.<\/p>\t\t\t\t\t\t\t\t<\/div>\n\t\t\t\t<\/div>\n\t\t\t\t\t<\/div>\n\t\t<\/div>\n\t\t\t\t\t<\/div>\n\t\t<\/section>\n\t\t\t\t<section class=\"elementor-section elementor-top-section elementor-element elementor-element-3457aa7 elementor-section-boxed elementor-section-height-default elementor-section-height-default\" data-id=\"3457aa7\" data-element_type=\"section\" data-e-type=\"section\">\n\t\t\t\t\t\t<div class=\"elementor-container elementor-column-gap-default\">\n\t\t\t\t\t<div class=\"elementor-column elementor-col-100 elementor-top-column elementor-element elementor-element-991c28f\" data-id=\"991c28f\" data-element_type=\"column\" data-e-type=\"column\">\n\t\t\t<div class=\"elementor-widget-wrap elementor-element-populated\">\n\t\t\t\t\t\t<div class=\"elementor-element elementor-element-559980b elementor-widget elementor-widget-text-editor\" data-id=\"559980b\" data-element_type=\"widget\" data-e-type=\"widget\" data-widget_type=\"text-editor.default\">\n\t\t\t\t<div class=\"elementor-widget-container\">\n\t\t\t\t\t\t\t\t\t<p>The concerts will be held in the Central Hall of Villa Manin. Admission is free while places last.<\/p>\t\t\t\t\t\t\t\t<\/div>\n\t\t\t\t<\/div>\n\t\t\t\t\t<\/div>\n\t\t<\/div>\n\t\t\t\t\t<\/div>\n\t\t<\/section>\n\t\t\t\t<section class=\"elementor-section elementor-top-section elementor-element elementor-element-bcebc7d elementor-section-boxed elementor-section-height-default elementor-section-height-default\" data-id=\"bcebc7d\" data-element_type=\"section\" data-e-type=\"section\">\n\t\t\t\t\t\t<div class=\"elementor-container elementor-column-gap-default\">\n\t\t\t\t\t<div class=\"elementor-column elementor-col-50 elementor-top-column elementor-element elementor-element-fd880fc\" data-id=\"fd880fc\" data-element_type=\"column\" data-e-type=\"column\">\n\t\t\t<div class=\"elementor-widget-wrap elementor-element-populated\">\n\t\t\t\t\t\t<div class=\"elementor-element elementor-element-54c6837 elementor-widget elementor-widget-image\" data-id=\"54c6837\" data-element_type=\"widget\" data-e-type=\"widget\" data-widget_type=\"image.default\">\n\t\t\t\t<div class=\"elementor-widget-container\">\n\t\t\t\t\t\t\t\t\t\t\t\t\t\t\t<img fetchpriority=\"high\" decoding=\"async\" width=\"750\" height=\"359\" src=\"https:\/\/www.villamanin.it\/wp-content\/uploads\/2024\/10\/Kairos.jpg\" class=\"attachment-medium_large size-medium_large wp-image-16825\" alt=\"Kairos logo\" srcset=\"https:\/\/www.villamanin.it\/wp-content\/uploads\/2024\/10\/Kairos.jpg 750w, https:\/\/www.villamanin.it\/wp-content\/uploads\/2024\/10\/Kairos-300x144.jpg 300w\" sizes=\"(max-width: 750px) 100vw, 750px\" \/>\t\t\t\t\t\t\t\t\t\t\t\t\t\t\t<\/div>\n\t\t\t\t<\/div>\n\t\t\t\t\t<\/div>\n\t\t<\/div>\n\t\t\t\t<div class=\"elementor-column elementor-col-50 elementor-top-column elementor-element elementor-element-53ad580\" data-id=\"53ad580\" data-element_type=\"column\" data-e-type=\"column\">\n\t\t\t<div class=\"elementor-widget-wrap elementor-element-populated\">\n\t\t\t\t\t\t<div class=\"elementor-element elementor-element-390af54 elementor-widget elementor-widget-image\" data-id=\"390af54\" data-element_type=\"widget\" data-e-type=\"widget\" data-widget_type=\"image.default\">\n\t\t\t\t<div class=\"elementor-widget-container\">\n\t\t\t\t\t\t\t\t\t\t\t\t\t\t\t<img decoding=\"async\" width=\"800\" height=\"272\" src=\"https:\/\/www.villamanin.it\/wp-content\/uploads\/2024\/07\/Logo-Villa-Manin_Light_Orizzontale1-1024x348.png\" class=\"attachment-large size-large wp-image-14819\" alt=\"Logo Villa Manin\" srcset=\"https:\/\/www.villamanin.it\/wp-content\/uploads\/2024\/07\/Logo-Villa-Manin_Light_Orizzontale1-1024x348.png 1024w, https:\/\/www.villamanin.it\/wp-content\/uploads\/2024\/07\/Logo-Villa-Manin_Light_Orizzontale1-300x102.png 300w, https:\/\/www.villamanin.it\/wp-content\/uploads\/2024\/07\/Logo-Villa-Manin_Light_Orizzontale1-768x261.png 768w, https:\/\/www.villamanin.it\/wp-content\/uploads\/2024\/07\/Logo-Villa-Manin_Light_Orizzontale1-1536x523.png 1536w, https:\/\/www.villamanin.it\/wp-content\/uploads\/2024\/07\/Logo-Villa-Manin_Light_Orizzontale1-2048x697.png 2048w\" sizes=\"(max-width: 800px) 100vw, 800px\" \/>\t\t\t\t\t\t\t\t\t\t\t\t\t\t\t<\/div>\n\t\t\t\t<\/div>\n\t\t\t\t\t<\/div>\n\t\t<\/div>\n\t\t\t\t\t<\/div>\n\t\t<\/section>\n\t\t\t\t<\/div>\n\t\t","protected":false},"featured_media":16758,"template":"","tipologia":[6],"anno":[24],"class_list":["post-16756","evento","type-evento","status-publish","has-post-thumbnail","hentry","tipologia-musica","anno-24"],"acf":[],"_links":{"self":[{"href":"https:\/\/www.villamanin.it\/en\/wp-json\/wp\/v2\/evento\/16756","targetHints":{"allow":["GET"]}}],"collection":[{"href":"https:\/\/www.villamanin.it\/en\/wp-json\/wp\/v2\/evento"}],"about":[{"href":"https:\/\/www.villamanin.it\/en\/wp-json\/wp\/v2\/types\/evento"}],"version-history":[{"count":9,"href":"https:\/\/www.villamanin.it\/en\/wp-json\/wp\/v2\/evento\/16756\/revisions"}],"predecessor-version":[{"id":16832,"href":"https:\/\/www.villamanin.it\/en\/wp-json\/wp\/v2\/evento\/16756\/revisions\/16832"}],"wp:featuredmedia":[{"embeddable":true,"href":"https:\/\/www.villamanin.it\/en\/wp-json\/wp\/v2\/media\/16758"}],"wp:attachment":[{"href":"https:\/\/www.villamanin.it\/en\/wp-json\/wp\/v2\/media?parent=16756"}],"wp:term":[{"taxonomy":"tipologia","embeddable":true,"href":"https:\/\/www.villamanin.it\/en\/wp-json\/wp\/v2\/tipologia?post=16756"},{"taxonomy":"anno","embeddable":true,"href":"https:\/\/www.villamanin.it\/en\/wp-json\/wp\/v2\/anno?post=16756"}],"curies":[{"name":"wp","href":"https:\/\/api.w.org\/{rel}","templated":true}]}}

<div data-elementor-type="wp-post" data-elementor-id="16756" class="elementor elementor-16756 elementor-16750" data-elementor-post-type="evento">
						<section class="elementor-section elementor-top-section elementor-element elementor-element-d44761a elementor-section-boxed elementor-section-height-default elementor-section-height-default" data-id="d44761a" data-element_type="section" data-e-type="section">
						<div class="elementor-container elementor-column-gap-default">
					<div class="elementor-column elementor-col-100 elementor-top-column elementor-element elementor-element-1798835" data-id="1798835" data-element_type="column" data-e-type="column">
			<div class="elementor-widget-wrap elementor-element-populated">
						<div class="elementor-element elementor-element-c805661 elementor-widget elementor-widget-heading" data-id="c805661" data-element_type="widget" data-e-type="widget" data-widget_type="heading.default">
				<div class="elementor-widget-container">
					<h2 class="elementor-heading-title elementor-size-default">20/10, 17/11, 8/12, 15/12 2024 and 26/01/2025 at 11:30 a.m.</h2>				</div>
				</div>
					</div>
		</div>
					</div>
		</section>
				<section class="elementor-section elementor-top-section elementor-element elementor-element-1eeaae9 elementor-section-boxed elementor-section-height-default elementor-section-height-default" data-id="1eeaae9" data-element_type="section" data-e-type="section">
						<div class="elementor-container elementor-column-gap-default">
					<div class="elementor-column elementor-col-100 elementor-top-column elementor-element elementor-element-a6599a0" data-id="a6599a0" data-element_type="column" data-e-type="column">
			<div class="elementor-widget-wrap elementor-element-populated">
						<div class="elementor-element elementor-element-155562f elementor-widget elementor-widget-text-editor" data-id="155562f" data-element_type="widget" data-e-type="widget" data-widget_type="text-editor.default">
				<div class="elementor-widget-container">
									<p>Five appointments with music at Villa Manin on Sundays at aperitif time in collaboration with Camino Kammerchor</p>								</div>
				</div>
					</div>
		</div>
					</div>
		</section>
				<section class="elementor-section elementor-top-section elementor-element elementor-element-f7d91a2 elementor-section-boxed elementor-section-height-default elementor-section-height-default" data-id="f7d91a2" data-element_type="section" data-e-type="section">
						<div class="elementor-container elementor-column-gap-default">
					<div class="elementor-column elementor-col-100 elementor-top-column elementor-element elementor-element-670baf6" data-id="670baf6" data-element_type="column" data-e-type="column">
			<div class="elementor-widget-wrap elementor-element-populated">
						<div class="elementor-element elementor-element-0b6af69 elementor-widget elementor-widget-text-editor" data-id="0b6af69" data-element_type="widget" data-e-type="widget" data-widget_type="text-editor.default">
				<div class="elementor-widget-container">
									<p>The Camino Kammerchor is a vocal ensemble specialising in contemporary vocal repertoire. It was founded in 2012 within the Caminese Chorale, on the occasion of the Camino Contro Corrente festival. It is directed by Francesco Zorzini.<br />Since its foundation, the CKC has stood out for its choice of non-traditional repertoire.<br />As a guest choir at several editions of the Camino Contro Corrente Festival, it has promoted the composition and premiere of original works. It has also always cultivated a passion for older music in a constant dialogue between past traditions and new languages.<br />The current members of Camino Kammerchor are: Erica Zanin and Francesca Espen, sopranos; Martina Bravin and Chiara Panigutti, contraltos; Carlo Zorzini, tenor; Martino Zanelli, bass.</p>								</div>
				</div>
					</div>
		</div>
					</div>
		</section>
				<section class="elementor-section elementor-top-section elementor-element elementor-element-a5c2661 elementor-section-boxed elementor-section-height-default elementor-section-height-default" data-id="a5c2661" data-element_type="section" data-e-type="section">
						<div class="elementor-container elementor-column-gap-default">
					<div class="elementor-column elementor-col-100 elementor-top-column elementor-element elementor-element-a623481" data-id="a623481" data-element_type="column" data-e-type="column">
			<div class="elementor-widget-wrap elementor-element-populated">
						<div class="elementor-element elementor-element-11e67a4 elementor-widget elementor-widget-text-editor" data-id="11e67a4" data-element_type="widget" data-e-type="widget" data-widget_type="text-editor.default">
				<div class="elementor-widget-container">
									<h3>20.19.2024 AGHE&amp;AGHE, waters that inspire song.</h3><p>In this concert, we offer a collection of pieces belonging to different cultures, styles and languages, in which water is a recurring presence.</p><h3>17.11.2024 €CONOMY CLASS, cash!</h3><p>Parlare di soldi in musica? Si può? Forse è un tema che a prima vista può apparire sconveniente, eppure c’è una lunga tradizione di compositori che si sono cimentati sull’inusuale argomento, sia attraverso la riproduzione delle folkloristiche urla dei mercati di città, sia attraverso riflessioni a volte critiche, a volte sognanti sui soldi, sulla ricchezza, sulla povertà.</p><h3>08.12.2024 VIVALDI IN VILLA, early 18th century concerts for violin and strings</h3><p>The Santa Margherita di Anduins youth string orchestra wants to bring to life some of the most beautiful concertos for violin and strings from the early 18th century. These pages were conceived and written to be performed in sought-after and cosy venues such as our Villa Manin in whose recently restored hall the notes of Vivaldi and Bach will find their most suitable home.</p><p><strong>15.12.2024 IN LAUDIBUS, sacred songs for Christmas</strong></p><p>An appointment dedicated to sacred music, and in particular to the very fruitful Christmas tradition, cannot be missed. The concert, while departing from the most popular melodies, offers a rich and original excursus on Christmas, drawing on musical traditions from around the world.</p><h3>26.01.2025 SWEET LINKS, poets and musicians between yesterday and today</h3><p>The concert offers unprecedented correspondences resulting from timeless encounters that bring ancient authors into dialogue with contemporary artists.</p>								</div>
				</div>
					</div>
		</div>
					</div>
		</section>
				<section class="elementor-section elementor-top-section elementor-element elementor-element-3457aa7 elementor-section-boxed elementor-section-height-default elementor-section-height-default" data-id="3457aa7" data-element_type="section" data-e-type="section">
						<div class="elementor-container elementor-column-gap-default">
					<div class="elementor-column elementor-col-100 elementor-top-column elementor-element elementor-element-991c28f" data-id="991c28f" data-element_type="column" data-e-type="column">
			<div class="elementor-widget-wrap elementor-element-populated">
						<div class="elementor-element elementor-element-559980b elementor-widget elementor-widget-text-editor" data-id="559980b" data-element_type="widget" data-e-type="widget" data-widget_type="text-editor.default">
				<div class="elementor-widget-container">
									<p>The concerts will be held in the Central Hall of Villa Manin. Admission is free while places last.</p>								</div>
				</div>
					</div>
		</div>
					</div>
		</section>
				<section class="elementor-section elementor-top-section elementor-element elementor-element-bcebc7d elementor-section-boxed elementor-section-height-default elementor-section-height-default" data-id="bcebc7d" data-element_type="section" data-e-type="section">
						<div class="elementor-container elementor-column-gap-default">
					<div class="elementor-column elementor-col-50 elementor-top-column elementor-element elementor-element-fd880fc" data-id="fd880fc" data-element_type="column" data-e-type="column">
			<div class="elementor-widget-wrap elementor-element-populated">
						<div class="elementor-element elementor-element-54c6837 elementor-widget elementor-widget-image" data-id="54c6837" data-element_type="widget" data-e-type="widget" data-widget_type="image.default">
				<div class="elementor-widget-container">
															<img fetchpriority="high" decoding="async" width="750" height="359" src="https://www.villamanin.it/wp-content/uploads/2024/10/Kairos.jpg" class="attachment-medium_large size-medium_large wp-image-16825" alt="Kairos logo" srcset="https://www.villamanin.it/wp-content/uploads/2024/10/Kairos.jpg 750w, https://www.villamanin.it/wp-content/uploads/2024/10/Kairos-300x144.jpg 300w" sizes="(max-width: 750px) 100vw, 750px" />															</div>
				</div>
					</div>
		</div>
				<div class="elementor-column elementor-col-50 elementor-top-column elementor-element elementor-element-53ad580" data-id="53ad580" data-element_type="column" data-e-type="column">
			<div class="elementor-widget-wrap elementor-element-populated">
						<div class="elementor-element elementor-element-390af54 elementor-widget elementor-widget-image" data-id="390af54" data-element_type="widget" data-e-type="widget" data-widget_type="image.default">
				<div class="elementor-widget-container">
															<img decoding="async" width="800" height="272" src="https://www.villamanin.it/wp-content/uploads/2024/07/Logo-Villa-Manin_Light_Orizzontale1-1024x348.png" class="attachment-large size-large wp-image-14819" alt="Logo Villa Manin" srcset="https://www.villamanin.it/wp-content/uploads/2024/07/Logo-Villa-Manin_Light_Orizzontale1-1024x348.png 1024w, https://www.villamanin.it/wp-content/uploads/2024/07/Logo-Villa-Manin_Light_Orizzontale1-300x102.png 300w, https://www.villamanin.it/wp-content/uploads/2024/07/Logo-Villa-Manin_Light_Orizzontale1-768x261.png 768w, https://www.villamanin.it/wp-content/uploads/2024/07/Logo-Villa-Manin_Light_Orizzontale1-1536x523.png 1536w, https://www.villamanin.it/wp-content/uploads/2024/07/Logo-Villa-Manin_Light_Orizzontale1-2048x697.png 2048w" sizes="(max-width: 800px) 100vw, 800px" />															</div>
				</div>
					</div>
		</div>
					</div>
		</section>
				</div>
